{"id":246,"date":"2025-07-15T10:22:17","date_gmt":"2025-07-15T08:22:17","guid":{"rendered":"https:\/\/netzwaerch.ch\/?page_id=246"},"modified":"2025-07-15T10:22:17","modified_gmt":"2025-07-15T08:22:17","slug":"und-ploetzlich-geht-dir-ein-licht-auf","status":"publish","type":"page","link":"https:\/\/netzwaerch.ch\/?page_id=246","title":{"rendered":"&#8230;.und pl\u00f6tzlich geht Dir ein Licht auf&#8230;"},"content":{"rendered":"\n<p>Jeden Tag h\u00f6ren wir auf innere Stimmen, die unser Leben seit unserer Kindheit klein halten.<\/p>\n\n\n\n<p>Erkenne sie und h\u00f6r auf ihnen zu folgen.<\/p>\n\n\n\n<p>Daf\u00fcr brauchst Du keine \u00fcbersinnlichen Kr\u00e4fte, keine Tarotkarten, keine gef\u00fchrten Meditationsreisen in die Vergangenheit.<\/p>\n\n\n\n<p>Das einzige, was Du brauchst bist Du selbst. Wenn Du zum Beisp. mit jemandem sprichtst, dann h\u00f6r Dir selbst aufmerksam zu. Was gibst Du da gerade von Dir. Was erz\u00e4hlst Du da gerade \u00fcber dich selbst.<\/p>\n\n\n\n<p>H\u00f6r Dir selbst aufmerksam zu, denn du sprichst immer mit dir selbst, egal ob Du gerade mit einem Gegen\u00fcber sprichst oder wenn Du ganz alleine bist.<\/p>\n\n\n\n<p>Du wirst erstaunt sein, was Dir dabei alles klar wird. Du musst nicht mehr nach Glaubenss\u00e4tzen aus der Kindheit suchen, sie werden Dir in jedem Moment klar.<\/p>\n\n\n\n<p>Denn es sind die Stimmen, die die S\u00e4tze seit deiner Kindheit immer noch nicht nur begleiten sondern nach wie vor bestimmen. H\u00f6r genau hin.<\/p>\n\n\n\n<p>Gerne begleite ich Dich ein St\u00fcck und erkl\u00e4re Dir, wie Du auf ganz einfache Weise in jedem Moment erkennen kannst, welchen Stimmen, die dich einst gepr\u00e4gt haben, bis heute folgst.<\/p>\n\n\n\n<p><\/p>\n\n\n\n<p>So findest Du jeden Moment immer mehr deine eigene Stimme, lebst Dein Leben und bist nicht mehr fremd bestimmt.<\/p>\n\n\n\n<p>So findest Du langsam aber sicher zu dir und l\u00e4sst Dich nicht mehr von anderen bestimmen, wie du zu sein hast, wie du dich zu f\u00fchlen hast etc. <\/p>\n\n\n\n<p>Nat\u00fcrlich wird sich das sehr positiv auf dein Leben auswirken, denn wer sich nicht mehr von anderen Stimmungen bestimmen l\u00e4sst, bestimmt seine Stimmung selbst.<\/p>\n\n\n\n<p>Aber Vorsicht, es k\u00f6nnte sein, dass du dabei viele sogenannte Freunde verlierst. Denn wenn Du dich nicht mehr von Ihnen bestimmen l\u00e4sst, was du zu tun oder zu lassen hast, damit sie sich gut f\u00fchlen, werden sie dich verlassen, denn du stehst Ihnen nicht mehr zur Verf\u00fcgung als Stimmungsaufheller&#8230;..du machst dich nicht mehr klein, damit sie sich gross f\u00fchlen. <\/p>\n\n\n\n<p>Ab jetzt begegnen dir Menschen, die dich nicht mehr brauchen, um sich besser zu f\u00fchlen. Ab jetzt begegnen dir Menschen, die sich gut f\u00fchlen, weil du dich selbst gut f\u00fchlst. <\/p>\n\n\n\n<p><\/p>\n","protected":false},"excerpt":{"rendered":"<p>Jeden Tag h\u00f6ren wir auf innere Stimmen, die unser Leben seit unserer Kindheit klein halten. Erkenne sie und h\u00f6r auf ihnen zu folgen. Daf\u00fcr brauchst Du keine \u00fcbersinnlichen Kr\u00e4fte, keine Tarotkarten, keine gef\u00fchrten Meditationsreisen in die Vergangenheit. Das einzige, was Du brauchst bist Du selbst. Wenn Du zum Beisp. mit jemandem sprichtst, dann h\u00f6r Dir &hellip; <a href=\"https:\/\/netzwaerch.ch\/?page_id=246\" class=\"more-link\">Continue reading <span class=\"screen-reader-text\">&#8230;.und pl\u00f6tzlich geht Dir ein Licht auf&#8230;<\/span><\/a><\/p>\n","protected":false},"author":1,"featured_media":0,"parent":0,"menu_order":0,"comment_status":"closed","ping_status":"closed","template":"","meta":{"footnotes":""},"class_list":["post-246","page","type-page","status-publish","hentry"],"_links":{"self":[{"href":"https:\/\/netzwaerch.ch\/index.php?rest_route=\/wp\/v2\/pages\/246","targetHints":{"allow":["GET"]}}],"collection":[{"href":"https:\/\/netzwaerch.ch\/index.php?rest_route=\/wp\/v2\/pages"}],"about":[{"href":"https:\/\/netzwaerch.ch\/index.php?rest_route=\/wp\/v2\/types\/page"}],"author":[{"embeddable":true,"href":"https:\/\/netzwaerch.ch\/index.php?rest_route=\/wp\/v2\/users\/1"}],"replies":[{"embeddable":true,"href":"https:\/\/netzwaerch.ch\/index.php?rest_route=%2Fwp%2Fv2%2Fcomments&post=246"}],"version-history":[{"count":4,"href":"https:\/\/netzwaerch.ch\/index.php?rest_route=\/wp\/v2\/pages\/246\/revisions"}],"predecessor-version":[{"id":283,"href":"https:\/\/netzwaerch.ch\/index.php?rest_route=\/wp\/v2\/pages\/246\/revisions\/283"}],"wp:attachment":[{"href":"https:\/\/netzwaerch.ch\/index.php?rest_route=%2Fwp%2Fv2%2Fmedia&parent=246"}],"curies":[{"name":"wp","href":"https:\/\/api.w.org\/{rel}","templated":true}]}}