{"id":18,"date":"2022-09-28T15:18:05","date_gmt":"2022-09-28T13:18:05","guid":{"rendered":"https:\/\/netzwaerch.ch\/?page_id=18"},"modified":"2025-01-08T12:55:54","modified_gmt":"2025-01-08T11:55:54","slug":"ueber-mich","status":"publish","type":"page","link":"https:\/\/netzwaerch.ch\/?page_id=18","title":{"rendered":"\u00dcber mich"},"content":{"rendered":"\n<div class=\"wp-block-columns is-layout-flex wp-container-core-columns-is-layout-9d6595d7 wp-block-columns-is-layout-flex\"><\/div>\n\n\n\n<p style=\"font-size:18px\">Mein Name ist Yvonne von B\u00fcren und bin im Jahre 1967 geboren.<\/p>\n\n\n\n<p style=\"font-size:18px\">Vor ziemlich genau 12 Jahren erwachte ich eines Morgens mit einem heftigen Drehschwindel. Alles drehte sich vor meinen Augen und ich war unf\u00e4hig mich aufzurichten. Ich lag in meinem Bett und f\u00fchlte mich v\u00f6llig machtlos und gleichzeitig stieg ein starkes Gef\u00fchl in mir auf begleitet von den Worten&#8230;..so jetzt reichts, ich hab genug von diesem Theater&#8230;..sch\u00f6ner, besser, weiter&#8230;&#8230;.noch sch\u00f6ner, noch besser, noch weiter&#8230;..NIE GENUG zu sein, NIE GENUG zu haben..<\/p>\n\n\n\n<p>Nach einigen Minuten aber gef\u00fchlt einer Ewigkeit konnte ich mich wieder aufrichten, aufstehen und zur Arbeit gehen&#8230;.zur\u00fcck in meinen Alltag.  Doch von diesem Morgen an f\u00fchlte sich nichts mehr so an wie vor diesem &#171;schwindelerregenden Ereignis&#187;.<\/p>\n\n\n\n<p style=\"font-size:18px\">Eine spannende Reise zu mir selbst begann. Alles, was mir damals lieb und teuer war, sowohl in menschlicher wie materieller hinsicht liess ich hinter mir und machte mich ganz alleine auf den Weg ins Ungewisse. Ich hatte nun sehr viel Zeit mich nur um mich selbst, um mein Seelenheil zu k\u00fcmmern. Da lag so manches Gef\u00fchl von Angst, Trauer, Wut tief in mir verborgen und durfte sich nun in seiner vollen Gr\u00f6sse zeigen. Es w\u00e4re gelogen, wenn ich heute sagen w\u00fcrde, dass alles ganz leicht war, ganz im Gegenteil, manchmal dachte ich, das schaffe ich nie. Aber, oh Wunder, es kam immer genau zur richtigen Zeit eine L\u00f6sung\/Hilfe\/Inspiration\/Antwort auf eine von mir an mich selbst gestellte Frage, entweder in Form eines Menschen, welchem ich &#171;zuf\u00e4llig&#187; (wie Du sehrwahrscheinlich mittlerweile selbst erkannt hast, gibt es keine Zuf\u00e4lle) irgendwo begegnet bin, der mich durch seine Worte gest\u00e4rkt und inspiriert hat, einem Buch, dass mir genau zur richtigen Zeit in die H\u00e4nde fiel oder gezielt durch Begleitung eines Coaches, welcher mich nur immer darin best\u00e4rkte meiner inneren Stimme zu vertrauen<\/p>\n\n\n\n<p><\/p>\n\n\n\n<p style=\"font-size:18px\">Ich habe also nicht durch irgendeine Aus- oder Weiterbildung oder irgendwelche Coachingkurse zu meiner Berufung gefunden sondern das Leben selbst hat mich ausgebildet durch meine Selbsterfahrungen, die ich in den letzten Jahren gemacht habe.  Ich habe so ziemlich alle H\u00f6hen wie auch Tiefen durchgemacht, die das Leben so in seinem Repertoire hat. <\/p>\n\n\n\n<p><\/p>\n\n\n\n<p><\/p>\n","protected":false},"excerpt":{"rendered":"<p>Mein Name ist Yvonne von B\u00fcren und bin im Jahre 1967 geboren. Vor ziemlich genau 12 Jahren erwachte ich eines Morgens mit einem heftigen Drehschwindel. Alles drehte sich vor meinen Augen und ich war unf\u00e4hig mich aufzurichten. Ich lag in meinem Bett und f\u00fchlte mich v\u00f6llig machtlos und gleichzeitig stieg ein starkes Gef\u00fchl in mir &hellip; <a href=\"https:\/\/netzwaerch.ch\/?page_id=18\" class=\"more-link\">Continue reading <span class=\"screen-reader-text\">\u00dcber mich<\/span><\/a><\/p>\n","protected":false},"author":1,"featured_media":0,"parent":0,"menu_order":0,"comment_status":"closed","ping_status":"closed","template":"","meta":{"footnotes":""},"class_list":["post-18","page","type-page","status-publish","hentry"],"_links":{"self":[{"href":"https:\/\/netzwaerch.ch\/index.php?rest_route=\/wp\/v2\/pages\/18","targetHints":{"allow":["GET"]}}],"collection":[{"href":"https:\/\/netzwaerch.ch\/index.php?rest_route=\/wp\/v2\/pages"}],"about":[{"href":"https:\/\/netzwaerch.ch\/index.php?rest_route=\/wp\/v2\/types\/page"}],"author":[{"embeddable":true,"href":"https:\/\/netzwaerch.ch\/index.php?rest_route=\/wp\/v2\/users\/1"}],"replies":[{"embeddable":true,"href":"https:\/\/netzwaerch.ch\/index.php?rest_route=%2Fwp%2Fv2%2Fcomments&post=18"}],"version-history":[{"count":21,"href":"https:\/\/netzwaerch.ch\/index.php?rest_route=\/wp\/v2\/pages\/18\/revisions"}],"predecessor-version":[{"id":238,"href":"https:\/\/netzwaerch.ch\/index.php?rest_route=\/wp\/v2\/pages\/18\/revisions\/238"}],"wp:attachment":[{"href":"https:\/\/netzwaerch.ch\/index.php?rest_route=%2Fwp%2Fv2%2Fmedia&parent=18"}],"curies":[{"name":"wp","href":"https:\/\/api.w.org\/{rel}","templated":true}]}}